 + 1. Let o be t(1). Suppose 0 = 2*j - o - 11. Suppose 0 = -3*l + j - 0. What are the prime factors of l?
2
Let u(p) = p + 3. Let n be u(0). Suppose -2 = -k, n*k - 2 = -5*y + 2*k. Suppose y*s + 4*s = -16, 5*j - 42 = -2*s. List the prime factors of j.
2, 5
Let b = -78 - -306. What are the prime factors of b?
2, 3, 19
Let q(s) = 13*s**3 - 2*s + 1. Let z be q(1). Suppose 4*o + 2*g = -0*g + z, g + 4 = 3*o. Let a = 7 - o. List the prime factors of a.
5
Suppose 2*y + 225 = 5*y. What are the prime factors of y?
3, 5
Suppose 2*q + 14 = 5*b, -7*b + 3*b - 2*q = -22. Suppose 2*s - 15 = -2*s - 5*k, s = b*k + 9. What are the prime factors of s?
5
Let h(s) be the third derivative of -s**5/60 + s**4/2 - 5*s**3/6 - 7*s**2. List the prime factors of h(9).
2, 11
What are the prime factors of 2 + -1 + 34*2?
3, 23
Let b be 2/(-4) - 66/(-12). Suppose -2*u - 80 = -b*s, 4*u + 48 = 3*s - 0*u. What are the prime factors of s?
2
Let d(k) be the first derivative of -k**4/4 + k**3/3 + 17*k + 4. List the prime factors of d(0).
17
Let b be 2/(1 - 8/10). Let v = b + -6. Suppose 3*y = v*s + 4, -3*y - 2*s = -2*y - 18. What are the prime factors of y?
2
List the prime factors of (0/2)/(-1) + 39.
3, 13
Suppose 0 = 2*d + 3*d - 5. Suppose p - 3*c = -10, 0 = p - 2*c - 0*c + 6. List the prime factors of p + -1 + 11 - d.
11
Let o(y) = -5*y - 3. What are the prime factors of o(-4)?
17
Let z(q) = -q**2 + 8*q - 3. Let x be (5/(-2))/((-2)/4). List the prime factors of z(x).
2, 3
Suppose 2*s + 0*s = 4. Suppose s*l - 180 = 6*l. List the prime factors of (-820)/l - (-2)/(-9).
2, 3
List the prime factors of (-4 - 13)/(0 + -1).
17
Let l(y) = 41*y - 2. List the prime factors of l(3).
11
Let n be 131*(3 - (-2 + 4)). Suppose -5*d + 120 = 5*v, v - 3*d = -3*v + n. List the prime factors of v.
29
Let x(h) = -5*h + 4. Let p(y) = -26*y + 21. Let w(a) = -2*p(a) + 11*x(a). List the prime factors of w(-5).
17
Let u(f) = -7*f + 5. Let r be u(4). Suppose -2*o = 2*z - 3*z - 2, -5*o = z + 37. Let w = z - r. What are the prime factors of w?
11
Let x(z) = 2*z**2 + z + 1. Let h be x(-1). Suppose h*a + 14 - 36 = 0. What are the prime factors of a?
11
Let h = 253 - 97. List the prime factors of h.
2, 3, 13
Let i = 71 + -36. List the prime factors of i.
5, 7
Let y(r) = -9*r + 40. List the prime factors of y(-12).
2, 37
Let p(q) = q + 5. Let m be p(-7). What are the prime factors of (-280)/(-24) - m/6?
2, 3
Let j(t) be the second derivative of t**7/2520 + t**6/240 - t**5/20 + t**4/12 - 4*t. Let u(n) be the third derivative of j(n). List the prime factors of u(-5).
2
Let u = -6 - -18. Let c = -4 + u. What are the prime factors of c?
2
Let i(h) = h**2 + h + 3. Let x(z) = -z**2 + 5*z - 4. Let t be x(4). Let y be i(t). Let c = 0 + y. List the prime factors of c.
3
Let u = 88 - 37. Suppose -3*n = -5*o - u, -n + 34 = n - 4*o. What are the prime factors of n?
17
Suppose -3*d + 2*x + 25 = 0, -3*d - 6*x = -4*x - 17. Let u(b) = -b**2 + 3*b + 2. Let l be u(4). Let c = d + l. What are the prime factors of c?
5
Suppose -6*m = -4*m + 4. Let a be 4*-3*(-1)/m. What are the prime factors of ((-6)/4)/(a/16)?
2
Suppose 0 = -14*w + 9*w + 665. List the prime factors of w.
7, 19
Let p = -18 - -12. Let n(g) = -4*g - 3. What are the prime factors of n(p)?
3, 7
Let q(b) = b**3 - 6*b**2 + 2. Let g = 2 - 3. Let p be ((2 - -4)*g)/(-1). What are the prime factors of q(p)?
2
Let z = 50 + 2. What are the prime factors of z?
2, 13
Let n be 2/(-2 - (-128)/66). Let m = -18 - n. What are the prime factors of m?
3, 5
Let c(x) = x**2 - 9*x - 4. Let a be c(10). Suppose -k + 2*g + 2 = 6, 3*k - 4*g = -a. List the prime factors of k.
2
Let h = 3 - 0. Suppose -h*w - w = -44. What are the prime factors of w?
11
Let u(t) be the third derivative of t**6/8 + t**5/60 + 3*t**2. List the prime factors of u(1).
2
Suppose -4*a + 1081 = 4*w + w, 5*a = -w + 233. What are the prime factors of w?
3, 71
Suppose 3*l - 5*l = 0. Suppose l*r + 5*r - 45 = 0. List the prime factors of r.
3
Let l(r) = -4*r + 2 + 3 + 2*r + r**2 + r. Suppose 5*b + 4*a - 12 = 0, 13 = 5*b + 3*a + 4. List the prime factors of l(b).
5
Suppose 0 = 5*z - 0*z - 705. List the prime factors of z.
3, 47
Suppose -2*m + 18 = 4*d, 0 = -5*d + 5*m + 23 + 22. Suppose 2*i = -0*i + d. List the prime factors of i.
3
Let p = -65 + 83. What are the prime factors of p?
2, 3
List the prime factors of (-30)/18 - (-2815)/15.
2, 3, 31
Let w be -2 - (2 + 7/(-1)). Suppose 2*i = w*i - 14. What are the prime factors of i?
2, 7
Let c(t) = t**3 + 10*t**2 - t - 2. Let j = 14 + -24. What are the prime factors of c(j)?
2
Suppose -54 = -v - 4*y, -4*v + 3*v + 2*y = -66. Suppose 4*z - 10 = v. What are the prime factors of z?
2, 3
Suppose 2 = w - 0*w. Suppose -5*v + 5*p = -0*v + 25, -w*p = 3*v. List the prime factors of ((-7)/(-5))/(v/(-10)).
7
Let o(n) = -n + 10. Let p be o(5). Suppose 0 = 5*w - 10, 5*z - p*w - 10 = -0. Let f(y) = -y**3 + 4*y**2 + 3*y - 5. What are the prime factors of f(z)?
7
Let b = 15 - -13. What are the prime factors of b?
2, 7
Suppose 0 = -d - 3*j + 99 - 30, 2*d - 105 = 5*j. What are the prime factors of d?
2, 3, 5
Suppose 2*i - 15 = -3*j, -i + 2*j + j = -30. What are the prime factors of i?
3, 5
Suppose 4*r - 66 + 2 = 0. List the prime factors of r.
2
Let g = 5 - 4. Suppose g = n - 1. Suppose -t + 11 = -n*h, 3*t + 2*h - 10 = t. What are the prime factors of t?
7
Let s = -6 + 22. Let q = 30 - s. What are the prime factors of (12/14)/(2/q)?
2, 3
Let o = 12 - 0. List the prime factors of o.
2, 3
Suppose -v = -5*a - 0*v + 929, -a - 3*v + 173 = 0. What are the prime factors of a?
5, 37
Suppose -6*k - 5*d = -k - 45, -2*k - d = -20. Suppose 13 + k = 4*x. Suppose -2*v + v = -x. List the prime factors of v.
2, 3
Let l be (1 - 0) + 1 + 0. Suppose 0 = t - 5*i + 21, l*t = 3*i + 2*i - 22. List the prime factors of -2 - (t - (2 + 1)).
2
Let p = 122 + 57. What are the prime factors of p?
179
Let u(b) = 53*b**2 + 3*b - 2. List the prime factors of u(1).
2, 3
Suppose 2*w - t = -5*t + 362, 4*t - 539 = -3*w. What are the prime factors of w?
3, 59
What are the prime factors of 774/45 + (-2)/10?
17
What are the prime factors of (0 - (0 - 1)) + 398 + 11?
2, 5, 41
Let j(w) = 3*w**2 - 11*w - 4. Let i(m) = -m**2 - m - 1. Let z(r) = -2*i(r) - j(r). List the prime factors of z(10).
2, 3
Let o(m) = 7*m - 6. Let i be o(10). Let r = -36 + i. Suppose r = 3*h + 2*g - 6*g, -3*h - g = -8. List the prime factors of h.
2
Let s(l) = -l**3 + 6*l**2 + 2*l - 8. Suppose 22 = m - 5*b, -2*m - 6 = m + 3*b. Suppose -m - 4 = -r. List the prime factors of s(r).
2
Suppose -1 = a - 2*r, -5*a - 5 = -0*a + 2*r. Let d be 12/7 - 6/(-21). Let k = d - a. List the prime factors of k.
3
Let r(g) = 2*g**3 + g - 1. What are the prime factors of r(3)?
2, 7
Let l be 2/6 - (-413)/21. Let q = l - 1. What are the prime factors of q?
19
Suppose 226 = 5*p - 14. What are the prime factors of p?
2, 3
Let j(d) be the first derivative of -4 - 7/2*d**2 + d. List the prime factors of j(-3).
2, 11
Let a = -13 + 7. Let m = 28 + a. What are the prime factors of m?
2, 11
Let s(y) = -2*y**3 - 7*y**2 + 3*y + 12. List the prime factors of s(-5).
2, 3
Let i = 1 - -1. Let n(z) = 0*z - i*z + z + 0*z + 9. List the prime factors of n(7).
2
List the prime factors of (24/30)/(2/155).
2, 31
Suppose 1 = -2*i + 5. What are the prime factors of 14 - (1 - (i - 2))?
13
Suppose 4*f - 1 = -3*r + 27, -5*r + 28 = 2*f. Suppose -f*w - 5*c = w + 5, 2*w - c - 7 = 0. What are the prime factors of w?
2
Suppose 4*r - 4*u + 24 = -12, 5*r = u - 41. What are the prime factors of ((-20)/6)/(r/120)?
2, 5
Let q(g) be the third derivative of -g**6/120 - g**5/6 + g**4/4 + g**3/3 + 5*g**2. List the prime factors of q(-11).
3, 19
Let y = 57 - -13. List the prime factors of y.
2, 5, 7
Let z = -69 - -164. List the prime factors of z.
5, 19
Let k = 7 - 4. List the prime factors of 2/6 + 26/k.
3
Let u(w) be the first derivative of w**4/12 + 5*w**3/3 + 6*w**2 + 2*w - 2. Let v(q) be the first derivative of u(q). List the prime factors of v(-9).
3
Suppose a + 3*a = u - 68, 0 = -u - 3*a + 33. What are the prime factors of u?
2, 3
Suppose -4*v = -8, -4*v - 16 = b + 3*b. Let u be 8/2*9/b. List the prime factors of (-9)/6*28/u.
7
Let a(u) = -3 + 12*u**2 + 2*u**2 - 6*u**2 + 3*u. List the prime factors of a(2).
5, 7
Suppose -6